inder when 1890 is divided by 31.
30
What is the remainder when 12510 is divided by 129?
126
What is the remainder when 24412 is divided by 78?
76
Calculate the remainder when 157 is divided by 21.
10
What is the remainder when 187 is divided by 48?
43
What is the remainder when 147 is divided by 12?
3
Calculate the remainder when 280 is divided by 19.
14
Calculate the remainder when 36 is divided by 20.
16
What is the remainder when 1025 is divided by 114?
113
What is the remainder when 746 is divided by 187?
185
What is the remainder when 1196 is divided by 1?
0
Calculate the remainder when 668 is divided by 122.
58
Calculate the remainder when 572 is divided by 24.
20
Calculate the remainder when 306 is divided by 103.
100
Calculate the remainder when 694 is divided by 175.
169
Calculate the remainder when 3454 is divided by 12.
10
Calculate the remainder when 2154 is divided by 77.
75
What is the remainder when 926 is divided by 122?
72
Calculate the remainder when 94 is divided by 14.
10
What is the remainder when 68 is divided by 18?
14
Calculate the remainder when 189 is divided by 22.
13
Calculate the remainder when 106 is divided by 104.
2
What is the remainder when 222 is divided by 75?
72
Calculate the remainder when 426 is divided by 33.
30
What is the remainder when 279 is divided by 127?
25
Calculate the remainder when 89 is divided by 15.
14
Calculate the remainder when 550 is divided by 523.
27
What is the remainder when 494 is divided by 9?
8
What is the remainder when 242 is divided by 81?
80
What is the remainder when 53 is divided by 14?
11
Calculate the remainder when 18279 is divided by 181.
179
What is the remainder when 2710 is divided by 71?
12
Calculate the remainder when 2844 is divided by 16.
12
What is the remainder when 300 is divided by 78?
66
What is the remainder when 8022 is divided by 113?
112
What is the remainder when 10674 is divided by 218?
210
Calculate the remainder when 1986 is divided by 12.
6
Calculate the remainder when 3269 is divided by 10.
9
Calculate the remainder when 40 is divided by 26.
14
Calculate the remainder when 5664 is divided by 9.
3
Calculate the remainder when 1678 is divided by 40.
38
Calculate the remainder when 979 is divided by 27.
7
What is the remainder when 58 is divided by 9?
4
Calculate the remainder when 24 is divided by 13.
11
What is the remainder when 1622 is divided by 29?
27
Calculate the remainder when 1020 is divided by 503.
14
Calculate the remainder when 21 is divided by 13.
8
What is the remainder when 305 is divided by 51?
50
What is the remainder when 1324 is divided by 78?
76
Calculate the remainder when 59 is divided by 22.
15
What is the remainder when 53 is divided by 6?
5
Calculate the remainder when 288 is divided by 14.
8
What is the remainder when 722 is divided by 121?
117
Calculate the remainder when 95 is divided by 7.
4
Calculate the remainder when 269 is divided by 2.
1
What is the remainder when 6640 is divided by 82?
80
What is the remainder when 356 is divided by 19?
14
Calculate the remainder when 75 is divided by 21.
12
What is the remainder when 272 is divided by 63?
20
Calculate the remainder when 7793 is divided by 23.
19
What is the remainder when 1479 is divided by 1469?
10
Calculate the remainder when 184 is divided by 49.
37
What is the remainder when 6 is divided by 3?
0
What is the remainder when 657 is divided by 33?
30
What is the remainder when 2862 is divided by 14?
6
Calculate the remainder when 229 is divided by 37.
7
What is the remainder when 385 is divided by 47?
9
What is the remainder when 51 is divided by 35?
16
Calculate the remainder when 6813 is divided by 756.
9
What is the remainder when 317 is divided by 114?
89
What is the remainder when 7 is divided by 3?
1
Calculate the remainder when 547 is divided by 169.
40
What is the remainder when 4275 is divided by 23?
20
Calculate the remainder when 356 is divided by 126.
104
What is the remainder when 18 is divided by 14?
4
What is the remainder when 790 is divided by 45?
25
Calculate the remainder when 883 is divided by 404.
75
What is the remainder when 344 is divided by 45?
29
What is the remainder when 109 is divided by 23?
17
Calculate the remainder when 23 is divided by 16.
7
What is the remainder when 2277 is divided by 1133?
11
Calculate the remainder when 157 is divided by 18.
13
Calculate the remainder when 1375 is divided by 81.
79
What is the remainder when 56 is divided by 28?
0
What is the remainder when 630 is divided by 155?
10
What is the remainder when 355 is divided by 38?
13
What is the remainder when 146 is divided by 124?
22
Calculate the remainder when 660 is divided by 330.
0
Calculate the remainder when 956 is divided by 11.
10
Calculate the remainder when 130 is divided by 22.
20
What is the remainder when 342 is divided by 27?
18
Calculate the remainder when 699 is divided by 36.
15
Calculate the remainder when 30 is divided by 30.
0
Calculate the remainder when 1881 is divided by 13.
9
What is the remainder when 341 is divided by 15?
11
What is the remainder when 353 is divided by 5?
3
What is the remainder when 172 is divided by 87?
85
Calculate the remainder when 1362 is divided by 44.
42
What is the remainder when 1917 is divided by 8?
5
What is the remainder when 285 is divided by 75?
60
What is the remainder when 11662 is divided by 91?
14
What is the remainder when 113 is divided by 34?
11
What is the remainder when 3325 is divided by 475?
0
What is the remainder when 331 is divided by 162?
7
Calculate the remainder when 1036 is divided by 208.
204
What is the remainder when 2258 is divided by 48?
2
What is the remainder when 225 is divided by 57?
54
What is the remainder when 453 is divided by 35?
33
Calculate the remainder when 611 is divided by 154.
149
Calculate the remainder when 2142 is divided by 534.
6
What is the remainder when 235 is divided by 119?
116
Calculate the remainder when 109 is divided by 33.
10
Calculate the remainder when 186 is divided by 48.
42
What is the remainder when 357 is divided by 40?
37
What is the remainder when 201 is divided by 71?
59
Calculate the remainder when 828 is divided by 203.
16
Calculate the remainder when 1293 is divided by 162.
159
What is the remainder when 359 is divided by 10?
9
What is the remainder when 904 is divided by 223?
12
Calculate the remainder when 49 is divided by 43.
6
What is the remainder when 1631 is divided by 43?
40
Calculate the remainder when 6837 is divided by 30.
27
Calculate the remainder when 602 is divided by 101.
97
Calculate the remainder when 271 is divided by 91.
89
What is the remainder when 161 is divided by 3?
2
What is the remainder when 830 is divided by 7?
4
What is the remainder when 2997 is divided by 12?
9
Calculate the remainder when 13198 is divided by 40.
38
What is the remainder when 76 is divided by 22?
10
What is the remainder when 117 is divided by 32?
21
What is the remainder when 2318 is divided by 20?
18
What is the remainder when 260 is divided by 36?
8
Calculate the remainder when 1320 is divided by 113.
77
What is the remainder when 159 is divided by 18?
15
What is the remainder when 755 is divided by 38?
33
Calculate the remainder when 72 is divided by 19.
15
What is the remainder when 1436 is divided by 76?
68
What is the remainder when 1241 is divided by 117?
71
Calculate the remainder when 501 is divided by 56.
53
Calculate the remainder when 162 is divided by 114.
48
Calculate the remainder when 43 is divided by 37.
6
Calculate the remainder when 1384 is divided by 425.
109
Calculate the remainder when 118 is divided by 11.
8
What is the remainder when 196 is divided by 25?
21
Calculate the remainder when 2778 is divided by 13.
9
Calculate the remainder when 340 is divided by 15.
10
Calculate the remainder when 9469 is divided by 16.
13
Calculate the remainder when 155 is divided by 36.
11
Calculate the remainder when 8171 is divided by 36.
35
Calculate the remainder when 8864 is divided by 26.
24
Calculate the remainder when 97 is divided by 46.
5
What is the remainder when 389 is divided by 193?
3
What is the remainder when 15305 is divided by 29?
22
What is the remainder when 171 is divided by 3?
0
Calculate the remainder w